e n - 72 = -4*y - 3*n, -54 = -3*y + 3*n. Let k = 11 - 5. Calculate the highest common divisor of y and k.
6
Suppose 6*u = -12*u + 2988. Let v = u - 158. Calculate the greatest common factor of 8 and v.
8
Let b be ((-658)/70)/((-2)/40). What is the greatest common factor of 141 and b?
47
Suppose 7*x + 43 = z + 10*x, 5*x - 25 = 0. Calculate the highest common divisor of z and 63.
7
Suppose -4*t = -10*t + 12. Let g be (-18)/(-6)*(t - -49). Calculate the greatest common factor of 17 and g.
17
Let l(x) = 13*x**2 + 97*x + 16. Let c be l(-8). Suppose 3*p - 2*f + 7 = 42, -5*p + f = -49. Calculate the highest common divisor of p and c.
9
Suppose -6 = 2*w, 4*c - 2*w - 188 = 2*w. Let a be (-8)/c - (-378)/22. What is the greatest common factor of a and 119?
17
Let q be 54 - (2/(-2))/1. Suppose 3*v - 4*v = -q. What is the greatest common divisor of v and 11?
11
Let z(b) = -2 - 12*b + 10*b + 2*b + b. Let n be z(6). Suppose -n*h + 15 + 9 = 0. What is the highest common factor of 24 and h?
6
Let i be 6 + ((-18)/3 - -3) - -38. Suppose -i = 5*y - 636. Calculate the greatest common factor of 17 and y.
17
Let l be (-108)/(-5) - 2/(-5). Suppose -70*g + 67*g + 7 = 2*m, -2*m = 5*g + 3. What is the greatest common factor of l and m?
11
Let r = 70 - 42. Suppose -s + 3*s - 2*t = -2, -4*s - 4*t + r = 0. Suppose -220 - 293 = -s*f. What is the highest common factor of 19 and f?
19
Let l = 909 + -53. What is the greatest common factor of 8 and l?
8
Let z be -9*1*(-20)/60. Suppose 6*b - 3 = z. What is the greatest common divisor of 1 and b?
1
Let a(g) = 3*g**2 - 7. Let r be a(-5). Suppose 4*n + 2*k + 3*k = -132, 2*k = 3*n + 99. Let l = -16 - n. What is the greatest common divisor of l and r?
17
Suppose w + 17 = -5*j, -5*w + 4*j = 35 + 21. Let z = w - -15. What is the greatest common factor of 2 and z?
1
Suppose 5*d + 92 = d + 4*c, -3*c - 83 = 5*d. Let w = d - -43. Calculate the highest common factor of 8 and w.
8
Suppose 7*q - 42 = 6*q. Let j be -1*(1 - 9/3). Suppose j*p = 2*a + 88 + 132, -5*a = -4*p + 445. Calculate the greatest common factor of q and p.
21
Suppose -2*p - 177 = -297. Suppose -t - p = -6*t. Calculate the highest common divisor of 156 and t.
12
Let d = 67 + -42. Suppose 0 = -k - d + 4. Let g = -13 - k. What is the highest common divisor of 12 and g?
4
Let l be 10297/(-91) + (-4)/(-26). Let m = l + 193. Let r = -26 + m. What is the highest common divisor of 18 and r?
18
Let l be ((-1)/2)/((-1)/12). Let d be (-47)/(-15) + (6/(-45) - 0). Calculate the greatest common divisor of d and l.
3
Let r(g) = -13*g - 1. Let b be r(-1). Let w be 108/7*(14 + (4 - 11)). Calculate the greatest common divisor of b and w.
12
Let q(d) = -4*d**2 + 15*d - 23. Let v(w) = w**2 + 1. Let t(g) = q(g) + 6*v(g). Let u be t(-9). What is the greatest common divisor of 130 and u?
10
Let b be -3 - -1 - (-783)/3. Suppose -38*p - b = -39*p. What is the highest common factor of 37 and p?
37
Let a(f) = -18*f - 3. Let g be a(-2). Let i be (-2)/11 - (-1095)/g. Let r = i + -14. Calculate the greatest common divisor of r and 19.
19
Let q = 132 + 714. Calculate the highest common divisor of q and 9.
9
Suppose -4*r + 2*d + 9 + 59 = 0, -5*r - d + 92 = 0. Let f(c) = -14*c**2 - 76*c - 12. Let x be f(-5). What is the greatest common factor of x and r?
18
Let q = 14 - 8. Let m be 294/9 - (-2)/q. Suppose -4*x - 2*b + 86 = -54, -87 = -3*x + 3*b. What is the highest common factor of x and m?
33
Let o(a) = 7*a**2 - a - 4. Let g be o(2). Calculate the greatest common factor of g and 264.
22
Let s(i) = 3*i**2 - 7 + i**2 - 2*i**2 + 15*i - i**3 - 7*i**2. Let n be s(-8). What is the greatest common factor of 13 and n?
13
Suppose -3*p = -119 - 271. Let o = p - 66. Calculate the highest common factor of o and 8.
8
Let j be (-2)/(1563/(-781) + 2). Calculate the greatest common divisor of 44 and j.
22
Let x be 20/55*5/20*110. What is the greatest common divisor of 34 and x?
2
Let w = 742 + -690. Calculate the highest common factor of 2236 and w.
52
Let f = 17 + -9. Suppose -f*k + 5*k = -126. Suppose 4*d - k = 2*d. Calculate the highest common factor of 7 and d.
7
Let c(x) = -13 + 30 + 2*x**2 - 11*x - 3*x**2. Let m be c(-10). What is the greatest common factor of m and 108?
27
Suppose 661 = 36*k - 59. What is the greatest common factor of k and 70?
10
Let k(d) = 5*d**3 - 2*d**2 + 3*d + 2. Suppose -5*j + 10*j - 10 = 0. Let r be k(j). What is the highest common divisor of 10 and r?
10
Let c be 5*(24/(-10))/(-2). Let q be 4/c*3 + 10. Let m = -1644 - -1646. Calculate the highest common divisor of m and q.
2
Let a = -1089 + 1210. Calculate the highest common divisor of a and 88.
11
Let b(y) = y**3 - 22*y**2 + 24*y - 51. Let g be b(21). Suppose -3*a = 9 - g. Calculate the greatest common factor of a and 19.
1
Let v be (-12 + 17)/((-15)/(-117)). Let u(d) = -d**3 - 2*d**2 - 2*d - 1. Let s be u(-2). Calculate the greatest common divisor of v and s.
3
Let f be 0*-3*1/6. Suppose -b = i - 10, f = -3*b + 5*i - 3*i + 25. What is the highest common factor of 27 and b?
9
Let u be 1*((-150)/(-3) - (-9 + 9)). What is the highest common factor of 15 and u?
5
Suppose -t + 12 = 15. Let g(b) = -b - 1. Let p be g(t). What is the highest common divisor of p and 6?
2
Suppose -11*y = -y + 200. Let k = y + 28. What is the highest common divisor of k and 8?
8
Suppose -4*g = -5*g + 8. What is the highest common factor of g and 20?
4
Let f be 256/(-1)*(-9 + -1 + 8). Calculate the greatest common divisor of 32 and f.
32
Suppose -6 = 3*g, 5 = z - 5*g + 1. Let h be (-216)/(-30)*(-15)/z. What is the highest common divisor of 2 and h?
2
Suppose -n - 25 = 1. Suppose 202*t = 191*t. Let d be (t - 48)*91/n. Calculate the greatest common factor of 21 and d.
21
Let o = -1042 + 1680. Suppose -v + 2*p + 152 = -0*p, 4*v = 2*p + o. Calculate the highest common factor of 18 and v.
18
Suppose 477 = 2*k - 13*y + 16*y, 2*k - 3*y - 495 = 0. What is the greatest common divisor of 9 and k?
9
Let u be 2*(6 - (-825)/6). What is the greatest common divisor of u and 7?
7
Let f be 23 + (1 + -1)/3. Let w = f - 11. Suppose -q - 3*q + 12 = 0. Calculate the greatest common divisor of w and q.
3
Let h = 163 - -12. Calculate the greatest common factor of 7 and h.
7
Suppose 2*d - 1 = 4*o - 5, d = o. Suppose o*b = 3*b + 47. Let v = -7 - b. Calculate the highest common divisor of 8 and v.
8
Let i be 16/2 - (-142 - 12). What is the greatest common divisor of 18 and i?
18
Suppose -15 - 6 = -3*b. Let z(w) = w - 5. Let k be z(b). Suppose k*n - 7*n = -450. Calculate the highest common factor of n and 10.
10
Let g(f) = -9*f - 5. Let o be g(1). Let n = o - -39. Calculate the highest common divisor of 200 and n.
25
Let f = 642 + -631. Calculate the highest common factor of 385 and f.
11
Let y = -9 - -11. Suppose -y*g + 92 - 12 = 0. What is the highest common divisor of 100 and g?
20
Suppose 3*b - p - 18 = 0, -b + 4*b - 2*p - 21 = 0. Suppose 4*d - 61 = -4*o + 107, 3*o = -b*d + 220. Calculate the highest common divisor of 47 and d.
47
Suppose -4*w + 2*w = -5*r - 32, -2*w + 32 = 2*r. Let q = 7 + -6. Let b be (-112)/((0 + -1)*q). What is the greatest common divisor of w and b?
16
Suppose g + 33*l = 32*l + 21, 2*g - l - 54 = 0. Suppose 0 = 3*c + c - 200. Calculate the highest common divisor of g and c.
25
Let u = 48 + -10. Let p(n) = -n**2 - 13*n + 86. Let j be p(-16). Calculate the highest common factor of u and j.
38
Let z be -322*(-1)/6 - 2/3. Calculate the highest common divisor of z and 2173.
53
Let q = 435 - 299. Let b be ((-70)/350)/(3/(-120)). Calculate the greatest common factor of q and b.
8
Let a(f) be the first derivative of -f**4/4 + 6*f**3 - 7*f**2 + 12*f + 44. Let x be a(17). What is the greatest common divisor of 21 and x?
21
Let x be (-654)/(-10) - 8/20. Suppose 2*r = 2*b - 35 - 1, 0 = -4*b - 3*r + x. Let l = -108 - -295. What is the highest common factor of l and b?
17
Suppose 0 = 4*j + 5*v - 39, 1 = 3*j + v - 20. Calculate the greatest common factor of j and 120.
6
Suppose 16*m - 7*m - 63 = 0. What is the greatest common divisor of 35 and m?
7
Let k = -39 - -44. Suppose k*g = 3*g + 44. What is the highest common divisor of 33 and g?
11
Suppose -t + 2 = z, 0 = -t + 5*z - 3 + 5. What is the highest common factor of 98 and t?
2
Suppose w - 57 = 58. Let m be 87/(-2) + (-3)/(-6